0. Suppose -116 = -2*t + 2*y, -t - 8*y + 21 = -19. Calculate the highest common factor of t and o.
4
Suppose o + 11*q - 6*q - 57 = 0, -3*o = 2*q - 106. What is the greatest common divisor of o and 184?
8
Suppose 8*o = 6*o + n + 1009, -2*n - 2522 = -5*o. Let s be (o/70)/((-6)/(-80)). What is the highest common divisor of s and 336?
48
Let j = -2960 + 2970. What is the greatest common divisor of j and 40?
10
Suppose 2*q = -8, -5*h + 2*q + 2*q + 466 = 0. Let n be 17/(-102) + (0 - (-98)/12). Suppose 0 = 7*y - 78 + n. What is the highest common factor of h and y?
10
Suppose -f = -3*g + 1442, -8*g + f + 2402 = -3*g. Suppose -2*q + 150 = 3*x, -3*q + 3*x + 114 + 36 = 0. What is the greatest common factor of q and g?
60
Let x(k) = -14*k + 51*k - 34*k - 4. Let m be x(9). Let y(r) = 2*r**2 - 8*r - 1. Let j be y(6). What is the greatest common divisor of j and m?
23
Let c = -7000 - -7030. What is the highest common divisor of 13155 and c?
15
Let s be (8/(-10))/(7 - 22458/3210). Let z = -17 - s. Let a = z + -125. What is the greatest common divisor of a and 18?
18
Let p(o) be the second derivative of -23*o**3/6 + o**2/2 - 25*o. Let i be p(-1). Let s be (-1 - i/(-3)) + -5. Calculate the greatest common factor of s and 6.
2
Let j(q) = -203*q - 16. Let i be j(-2). Let l = 894 - i. Calculate the greatest common divisor of l and 28.
28
Let x be (-2)/(-7) - 7/((-294)/1332). Let a(d) = 3*d**2 + 21*d + 92. Let r be a(-4). What is the greatest common divisor of x and r?
8
Let a(v) = 1115*v**3 - 3*v**2 - 2*v + 3. Let h be a(1). Calculate the greatest common factor of 21 and h.
21
Suppose -21*t + 27 = -78. Suppose 0*a + a + 5*f - 2 = 0, 5*a - 100 = t*f. What is the greatest common factor of a and 153?
17
Let s = -19 + 18. Let a be (52/20 + -3 + s)*-5. Suppose -2*d + 35 = a. What is the greatest common divisor of d and 7?
7
Let a(l) = l**3 + 22*l**2 - l - 8. Let n be a(-22). Let k = 23 + -19. Suppose k*b - n = -2*v, b - 5 = -0*b + v. What is the greatest common divisor of 4 and b?
4
Let z(f) = f**3 + 21*f**2 + 85*f - 76. Let d be z(-7). What is the highest common factor of d and 15450?
15
Suppose 260*u = 263*u - 165. What is the greatest common factor of u and 4334?
11
Suppose -3*t + 131 = 11. Let o be (-5 - (11 + -10))/(-1) + (131 - -3). What is the highest common factor of t and o?
20
Suppose -5*a + 3*v + 310 = 0, 4*v + 227 + 21 = 4*a. Suppose p - a = 2*w, 4*p - 4*w = -27 + 271. What is the greatest common factor of p and 90?
30
Let g(a) = 20*a + 55. Let y be g(9). Let u = y + -5. Calculate the highest common factor of 20 and u.
10
Let a = -57 - -102. Suppose 2*s + 5*i = -45, 0*s = -s + 5*i - a. Let z be (368/20 + -4)/((-3)/s). Calculate the highest common divisor of 24 and z.
24
Let s(j) be the first derivative of -9*j**2/2 + 42*j - 32. Let d be s(2). Suppose -2 + 50 = 2*r. Calculate the greatest common factor of d and r.
24
Suppose -66 + 166 = 2*r + 2*k, -5*k + 204 = 4*r. Calculate the highest common factor of r and 2346.
46
Suppose -25*s = -167349 - 17472 + 46821. Calculate the highest common divisor of s and 1920.
240
Let l = -44 + 116. Let u = l + -31. Let y be u + -3 + 0 + -3. What is the greatest common factor of y and 245?
35
Suppose -29*v + 25309 = 32893 - 92960. What is the highest common divisor of v and 256?
128
Let s(x) = -88*x + 1808. Let i be s(16). What is the highest common factor of i and 2160?
80
Let i be 6/(-16) + 50188/32 + -6. What is the greatest common factor of 198 and i?
22
Let c = -281 + 261. Let d be 12/30 - 572/c. Calculate the highest common factor of d and 116.
29
Suppose -3*y + y = -88. Let i = -4248 + 4270. Calculate the highest common factor of i and y.
22
Let t = 46860 - 46854. Let a = -22 + 64. What is the highest common divisor of a and t?
6
Let y = 65 + 0. Suppose -5*g - 69 - 121 = 0. Let b be (-969)/g - (-2)/4. Calculate the highest common factor of y and b.
13
Let u = 18 - 16. Let n be ((-8)/22)/((-2)/11). Calculate the highest common factor of u and n.
2
Let f = -9453 - -9525. What is the highest common factor of f and 1737?
9
Suppose 7*y + 70 = 98. Let p be (-490)/21*(-6)/y. Suppose 2*c + 5*o - 45 = 0, o = 2*c + 5*o - 42. What is the greatest common factor of p and c?
5
Suppose -1316 = -8*o + 532. Suppose 12*b = 9*b + 63. What is the highest common divisor of b and o?
21
Let d be (455/(-10))/((-6)/(-12)). Let v = 99 + d. Calculate the greatest common divisor of v and 18.
2
Let l(b) = -2*b**2 - b. Let s be l(-2). Let x = 9 - s. Let v be ((-90)/(-3) - 32)*-5. Calculate the greatest common factor of v and x.
5
Let n = -11301 + 16749. Calculate the highest common factor of n and 6.
6
Let x be 54*(-5 + (570/9)/5). Let y = 1232 + -1186. What is the highest common factor of x and y?
46
Suppose -4*c - 4*a = 184, c + 3*a + 186 = -3*c. Let z = 63 + c. Let p = -7 + z. What is the highest common factor of p and 8?
8
Let a(z) = 480*z**3 - 13*z**2 + 25*z - 12. Let d be a(1). What is the highest common divisor of 2976 and d?
96
Let g(j) = -21*j + 3. Let h be g(-8). Suppose h + 139 = 31*m. Calculate the highest common divisor of 50 and m.
10
Suppose 6*n - n - 1676 = -g, n - 2*g - 344 = 0. Suppose -8*x + 54 = x. Suppose -48 = -x*d + 204. What is the highest common divisor of d and n?
42
Suppose -5*p = -3*q - 62, p + 8*q - 5*q - 16 = 0. Let y = 162 + -107. Let u = y + -42. What is the greatest common factor of u and p?
13
Let q(a) = -a**2 + 2*a - 4. Let x be q(10). Let k be 124/(-155) + 0 + x/(-5). What is the highest common divisor of 12 and k?
4
Let w be 7 + 4*11/(-220)*-55. Let q(a) = -a**3 + 8*a**2 - a + 3. Let t be (-102)/(-14) + 4/(-14). Let u be q(t). What is the highest common factor of u and w?
9
Suppose -4*z = -5*b + 779 + 116, -920 = -5*b - z. What is the greatest common factor of 6 and b?
3
Let d be (12/(-9))/((8/(-9))/4). Let w(k) = 0*k**3 + 10*k**2 + 3*k + 3 - 6*k**3 + 5*k**3. Let s be w(d). What is the highest common factor of 15 and s?
15
Let j be -3 + (-1)/((-3)/4974). Suppose -40 = -j*k + 1647*k. What is the highest common factor of k and 5?
5
Let b = 189 - 185. Suppose -b*q - 800 = -5*l + q, 2*l = -2*q + 328. What is the greatest common factor of 54 and l?
54
Let v be (170/25)/((-5571)/1395 + 4). Calculate the greatest common divisor of v and 62.
62
Suppose 0 = 2*k - 12*k + 70. Suppose 0 = k*f - 665 - 3157. What is the greatest common divisor of 78 and f?
78
Let j = 53 + 2. Let v = j - 52. Suppose -4*t + v*u + 120 = -215, -2*t = -u - 165. Calculate the greatest common divisor of t and 10.
10
Let y = 201 - 215. Let p be (-1254)/(-171)*(-18)/8*y. What is the highest common divisor of 63 and p?
21
Suppose -151*y - 4505 = -55241. Calculate the greatest common factor of y and 126.
42
Let a(m) = 2*m - 3*m**2 + 78 - 65 + 4*m**2 - 44. Let p be a(6). Calculate the greatest common divisor of p and 2.
1
Let y = -28 + 44. Let w = 38 - y. Suppose -g + 6*c + w = c, 0 = -2*g - c + 22. Calculate the highest common factor of 60 and g.
12
Let k be (1 - -7)/((-3)/(-9))*-1. Let i be (-1*105)/(k/40). What is the greatest common divisor of i and 75?
25
Let k = 216 - 335. Let p = k - -167. What is the highest common factor of 168 and p?
24
Let f be (-448)/(-48) + (-2)/(-3). What is the highest common divisor of 1250 and f?
10
Let c = 5 + 8. Let v be (3/(18/(-10)))/((-25)/390). What is the greatest common factor of c and v?
13
Let w = 120 + -84. Let k(o) = 15*o**2 + 2*o - 2. Let p be 3*(10/3 + -4). Let b be k(p). Calculate the greatest common factor of b and w.
18
Suppose -1 + 13 = 2*y. Let v be (-5)/(-10)*2*(12 - 4). Let m be (5/(80/(-108)))/((-1)/v). Calculate the greatest common factor of m and y.
6
Suppose -5*y - 179 + 4 = 0. Let m = y + 37. Suppose -9 + 45 = m*g. What is the greatest common factor of 12 and g?
6
Let j be 1 + 25/(-5) - -84. Let t = j + -28. Calculate the greatest common factor of 208 and t.
52
Let s(g) = -4*g + 34. Let r be s(8). Suppose -41 = -4*q + o, -28 = r*q - 4*q + 2*o. What is the highest common divisor of 99 and q?
9
Let a = -148971 - -149156. Suppose 2*x - 5 = 5. What is the highest common divisor of a and x?
5
Let g be 0*(-14)/238 - (-1665 - 1). What is the greatest common divisor of 34 and g?
34
Let r be (-1 + 7)*53/106. Let s be r/(-9)*(-95 + 11). What is the greatest common factor of 133 and s?
7
Suppose 6*r 